hen 1060773 is divided by 16.
5
What is the remainder when 370746 is divided by 364029?
6717
What is the remainder when 10647513 is divided by 887291?
21
Calculate the remainder when 205087 is divided by 752.
543
Calculate the remainder when 375754 is divided by 450.
4
Calculate the remainder when 135892431 is divided by 174.
171
What is the remainder when 1125840 is divided by 667?
611
Calculate the remainder when 3636082 is divided by 3635990.
92
What is the remainder when 3063927 is divided by 71254?
5
Calculate the remainder when 34006 is divided by 28778.
5228
Calculate the remainder when 208311778 is divided by 20.
18
Calculate the remainder when 1954095 is divided by 402.
375
What is the remainder when 10797911 is divided by 388?
259
Calculate the remainder when 6433141 is divided by 123.
118
What is the remainder when 498373 is divided by 108?
61
Calculate the remainder when 2200810 is divided by 40.
10
What is the remainder when 18242 is divided by 3018?
134
What is the remainder when 6238253 is divided by 6238237?
16
What is the remainder when 17633 is divided by 2523?
2495
Calculate the remainder when 94483026 is divided by 5.
1
What is the remainder when 771814 is divided by 14031?
109
What is the remainder when 3069130 is divided by 2770?
2740
What is the remainder when 253406 is divided by 528?
494
What is the remainder when 3684466 is divided by 9985?
1
What is the remainder when 31869651 is divided by 2276403?
9
Calculate the remainder when 15057069 is divided by 3.
0
What is the remainder when 6687468 is divided by 10?
8
What is the remainder when 67843804 is divided by 1938394?
14
What is the remainder when 14256349 is divided by 478?
477
Calculate the remainder when 3445853 is divided by 1180.
253
Calculate the remainder when 321810 is divided by 24.
18
Calculate the remainder when 322309 is divided by 107349.
262
Calculate the remainder when 341592 is divided by 68318.
2
Calculate the remainder when 64759 is divided by 726.
145
Calculate the remainder when 4500620 is divided by 2041.
215
Calculate the remainder when 2561675 is divided by 220.
215
What is the remainder when 105518 is divided by 976?
110
Calculate the remainder when 86400 is divided by 21592.
32
Calculate the remainder when 24967 is divided by 3978.
1099
What is the remainder when 1874564 is divided by 19?
5
Calculate the remainder when 7148871 is divided by 1021253.
100
Calculate the remainder when 21856070 is divided by 1673.
1671
Calculate the remainder when 3541898 is divided by 36.
2
Calculate the remainder when 218701705 is divided by 6.
1
What is the remainder when 16417924 is divided by 1603?
1601
What is the remainder when 255324 is divided by 167?
148
What is the remainder when 52892 is divided by 348?
344
What is the remainder when 5010426 is divided by 1018?
848
Calculate the remainder when 546557614 is divided by 44.
42
What is the remainder when 804328 is divided by 267254?
2566
What is the remainder when 22421449 is divided by 5478?
5473
Calculate the remainder when 1499459 is divided by 946.
49
Calculate the remainder when 43687180 is divided by 665.
5
Calculate the remainder when 5617094 is divided by 8.
6
What is the remainder when 736380 is divided by 275?
205
What is the remainder when 727979 is divided by 363627?
725
What is the remainder when 286869 is divided by 140?
9
Calculate the remainder when 1416400 is divided by 1553.
64
What is the remainder when 11729101 is divided by 1732?
1729
What is the remainder when 3183616 is divided by 265296?
64
Calculate the remainder when 16117269 is divided by 21.
0
What is the remainder when 108788 is divided by 21704?
268
Calculate the remainder when 233784 is divided by 3488.
88
What is the remainder when 1864461 is divided by 33?
27
What is the remainder when 9557 is divided by 1335?
212
What is the remainder when 47668 is divided by 3835?
1648
Calculate the remainder when 32143 is divided by 1846.
761
What is the remainder when 83257 is divided by 8152?
1737
Calculate the remainder when 707193 is divided by 16.
9
What is the remainder when 746300 is divided by 248549?
653
What is the remainder when 2701816 is divided by 711?
16
What is the remainder when 586812 is divided by 45139?
5
Calculate the remainder when 35471 is divided by 11766.
173
Calculate the remainder when 1021980 is divided by 2138.
16
What is the remainder when 13334459 is divided by 32?
27
Calculate the remainder when 119558721 is divided by 29.
15
Calculate the remainder when 643258 is divided by 128411.
1203
What is the remainder when 1475671 is divided by 249?
97
Calculate the remainder when 182802 is divided by 18275.
52
What is the remainder when 13205103 is divided by 338592?
15
What is the remainder when 105774549 is divided by 936?
933
Calculate the remainder when 180626 is divided by 90307.
12
What is the remainder when 7143252 is divided by 39?
12
Calculate the remainder when 7794330 is divided by 3687.
12
Calculate the remainder when 3361963 is divided by 1119735.
2758
Calculate the remainder when 8161351 is divided by 44.
11
What is the remainder when 40887 is divided by 2650?
1137
Calculate the remainder when 27142 is divided by 6226.
2238
Calculate the remainder when 4936435 is divided by 14.
7
Calculate the remainder when 2483149 is divided by 1551.
1549
What is the remainder when 22258 is divided by 11054?
150
What is the remainder when 30437 is divided by 104?
69
What is the remainder when 68075555 is divided by 106?
23
What is the remainder when 115261914 is divided by 133?
124
Calculate the remainder when 905758 is divided by 226050.
1558
Calculate the remainder when 36668 is divided by 1483.
1076
Calculate the remainder when 7195740 is divided by 61.
58
What is the remainder when 19580465 is divided by 14?
9
Calculate the remainder when 894333 is divided by 563.
289
What is the remainder when 3284314 is divided by 133?
12
What is the remainder when 823775 is divided by 411615?
545
Calculate the remainder when 4232536 is divided by 120.
16
What is the remainder when 69560556 is divided by 27?
24
What is the remainder when 95107 is divided by 8586?
661
What is the remainder when 92115699 is divided by 3158?
3155
Calculate the remainder when 11204 is divided by 2211.
149
Calculate the remainder when 2707585 is divided by 14.
13
Calculate the remainder when 471960 is divided by 158.
14
Calculate the remainder when 325560 is divided by 27130.
0
Calculate the remainder when 204159 is divided by 3046.
77
Calculate the remainder when 7273354 is divided by 4014.
4000
What is the remainder when 1616313 is divided by 28?
13
What is the remainder when 4206784 is divided by 4775?
9
Calculate the remainder when 75315 is divided by 9263.
1211
Calculate the remainder when 2226435 is divided by 10502.
11
Calculate the remainder when 17185568 is divided by 249066.
14
What is the remainder when 1539124 is divided by 1796?
1748
What is the remainder when 23007116 is divided by 23007075?
41
What is the remainder when 159716910 is divided by 19964612?
14
Calculate the remainder when 21816 is divided by 21787.
29
What is the remainder when 691134 is divided by 185?
159
What is the remainder when 2714561 is divided by 218?
25
Calculate the remainder when 213521 is divided by 41.
34
What is the remainder when 9124126 is divided by 3553?
22
Calculate the remainder when 133536 is divided by 2740.
2016
What is the remainder when 123603 is divided by 29627?
5095
Calculate the remainder when 461955 is divided by 76941.
309
What is the remainder when 1171902 is divided by 31670?
112
What is the remainder when 56401 is divided by 2256?
1
What is the remainder when 184852 is divided by 1847?
152
Calculate the remainder when 46760 is divided by 4256.
4200
What is the remainder when 2386190 is divided by 2386169?
21
What is the remainder when 737497 is divided by 92185?
17
Calculate the remainder when 544824 is divided by 3537.
126
What is the remainder when 476254 is divided by 1212?
1150
Calculate the remainder when 554368 is divided by 39.
22
Calculate the remainder when 121208 is divided by 40277.
377
What is the remainder when 173414 is divided by 2250?
164
What is the remainder when 6712793 is divided by 67?
63
What is the remaind